{"id":47,"date":"2023-08-29T09:32:17","date_gmt":"2023-08-29T09:32:17","guid":{"rendered":"https:\/\/obp.cat\/wordpress\/?page_id=47"},"modified":"2023-12-20T18:24:09","modified_gmt":"2023-12-20T18:24:09","slug":"trobada-descoles-de-cobla","status":"publish","type":"page","link":"https:\/\/obp.cat\/index.php\/trobada-descoles-de-cobla\/","title":{"rendered":"Trobada d&#8217;escoles de cobla"},"content":{"rendered":"<p style=\"text-align: left;\">La Trobada \u00e9s l&#8217;activitat formativa per excel\u00b7l\u00e8ncia de la nostra Instituci\u00f3. Per poder ballar, calen bons m\u00fasics que interpretin les danses i sardanes i \u00e9s per aix\u00f2 que l&#8217;OBP t\u00e9 molt clar que cal potenciar els joves instrumentistes per tal que segueixin l&#8217;estudi dels instruments de la cobla. Per aix\u00f2, pels volts del mes de juny a la poblaci\u00f3 que \u00e9s Capital de la Sardana t\u00e9 lloc durant tot el dia aquesta Trobada que es basa en un conjunt de classes magistrals on es treballa la interpretaci\u00f3 d&#8217;una sardana que encarregada expressament per l&#8217;OBP, s&#8217;interpretar\u00e0 a la ballada de sardanes de la tarda, que t\u00e9 lloc despr\u00e9s d&#8217;un gran dinar de germanor.<\/p>\n<p><img loading=\"lazy\" decoding=\"async\" class=\"aligncenter wp-image-116 size-full\" src=\"https:\/\/obp.cat\/wordpress\/wp-content\/uploads\/2023\/12\/351488888_238878192209682_5475584095344864016_n.jpg\" alt=\"\" width=\"960\" height=\"720\" srcset=\"https:\/\/obp.cat\/wp-content\/uploads\/2023\/12\/351488888_238878192209682_5475584095344864016_n.jpg 960w, https:\/\/obp.cat\/wp-content\/uploads\/2023\/12\/351488888_238878192209682_5475584095344864016_n-300x225.jpg 300w, https:\/\/obp.cat\/wp-content\/uploads\/2023\/12\/351488888_238878192209682_5475584095344864016_n-768x576.jpg 768w, https:\/\/obp.cat\/wp-content\/uploads\/2023\/12\/351488888_238878192209682_5475584095344864016_n-400x300.jpg 400w\" sizes=\"auto, (max-width: 960px) 100vw, 960px\" \/><\/p>\n","protected":false},"excerpt":{"rendered":"<p>La Trobada \u00e9s l&#8217;activitat formativa per excel\u00b7l\u00e8ncia de la nostra Instituci\u00f3. Per poder ballar, calen bons m\u00fasics que interpretin les danses i sardanes i \u00e9s per aix\u00f2 que l&#8217;OBP t\u00e9 molt clar que cal potenciar els joves instrumentistes per tal que segueixin l&#8217;estudi dels instruments de la cobla. Per aix\u00f2, pels volts del mes de [&hellip;]<\/p>\n","protected":false},"author":1,"featured_media":0,"parent":0,"menu_order":0,"comment_status":"closed","ping_status":"closed","template":"","meta":{"footnotes":""},"class_list":["post-47","page","type-page","status-publish","hentry","post-preview"],"_links":{"self":[{"href":"https:\/\/obp.cat\/index.php\/wp-json\/wp\/v2\/pages\/47","targetHints":{"allow":["GET"]}}],"collection":[{"href":"https:\/\/obp.cat\/index.php\/wp-json\/wp\/v2\/pages"}],"about":[{"href":"https:\/\/obp.cat\/index.php\/wp-json\/wp\/v2\/types\/page"}],"author":[{"embeddable":true,"href":"https:\/\/obp.cat\/index.php\/wp-json\/wp\/v2\/users\/1"}],"replies":[{"embeddable":true,"href":"https:\/\/obp.cat\/index.php\/wp-json\/wp\/v2\/comments?post=47"}],"version-history":[{"count":3,"href":"https:\/\/obp.cat\/index.php\/wp-json\/wp\/v2\/pages\/47\/revisions"}],"predecessor-version":[{"id":117,"href":"https:\/\/obp.cat\/index.php\/wp-json\/wp\/v2\/pages\/47\/revisions\/117"}],"wp:attachment":[{"href":"https:\/\/obp.cat\/index.php\/wp-json\/wp\/v2\/media?parent=47"}],"curies":[{"name":"wp","href":"https:\/\/api.w.org\/{rel}","templated":true}]}}

<p style="text-align: left;">La Trobada és l&#8217;activitat formativa per excel·lència de la nostra Institució. Per poder ballar, calen bons músics que interpretin les danses i sardanes i és per això que l&#8217;OBP té molt clar que cal potenciar els joves instrumentistes per tal que segueixin l&#8217;estudi dels instruments de la cobla. Per això, pels volts del mes de juny a la població que és Capital de la Sardana té lloc durant tot el dia aquesta Trobada que es basa en un conjunt de classes magistrals on es treballa la interpretació d&#8217;una sardana que encarregada expressament per l&#8217;OBP, s&#8217;interpretarà a la ballada de sardanes de la tarda, que té lloc després d&#8217;un gran dinar de germanor.</p>
<p><img loading="lazy" decoding="async" class="aligncenter wp-image-116 size-full" src="https://obp.cat/wordpress/wp-content/uploads/2023/12/351488888_238878192209682_5475584095344864016_n.jpg" alt="" width="960" height="720" srcset="https://obp.cat/wp-content/uploads/2023/12/351488888_238878192209682_5475584095344864016_n.jpg 960w, https://obp.cat/wp-content/uploads/2023/12/351488888_238878192209682_5475584095344864016_n-300x225.jpg 300w, https://obp.cat/wp-content/uploads/2023/12/351488888_238878192209682_5475584095344864016_n-768x576.jpg 768w, https://obp.cat/wp-content/uploads/2023/12/351488888_238878192209682_5475584095344864016_n-400x300.jpg 400w" sizes="auto, (max-width: 960px) 100vw, 960px" /></p>

<p>La Trobada és l&#8217;activitat formativa per excel·lència de la nostra Institució. Per poder ballar, calen bons músics que interpretin les danses i sardanes i és per això que l&#8217;OBP té molt clar que cal potenciar els joves instrumentistes per tal que segueixin l&#8217;estudi dels instruments de la cobla. Per això, pels volts del mes de [&hellip;]</p>
