{"id":41,"date":"2023-08-29T09:31:34","date_gmt":"2023-08-29T09:31:34","guid":{"rendered":"https:\/\/obp.cat\/wordpress\/?page_id=41"},"modified":"2023-12-20T14:36:45","modified_gmt":"2023-12-20T14:36:45","slug":"trobada-sardanista-a-montserrat","status":"publish","type":"page","link":"https:\/\/obp.cat\/index.php\/trobada-sardanista-a-montserrat\/","title":{"rendered":"Trobada Sardanista a Montserrat"},"content":{"rendered":"<p>Cada mes d&#8217;octubre el sardanisme t\u00e9 una cita a Montserrat. Un diumenge la Muntanya Santa s&#8217;omple de dansaires vinguts d&#8217;arreu per ballar sardanes despr\u00e9s de la Missa conventual. Durant l&#8217;ofici, els grups i entitats que celebren aniversaris poden participar-hi llegint unes paraules de presentaci\u00f3 abans de comen\u00e7ar l&#8217;eucaristia. En acabar la ballada, al Cam\u00ed dels Degotalls, on hi ha el Mur de Pep Ventura, s&#8217;inauguren els claus votius de les entitats que volen perpetuar el seu escut a Montserrat.<\/p>\n<p><img loading=\"lazy\" decoding=\"async\" class=\"alignnone wp-image-84 size-full\" src=\"https:\/\/obp.cat\/wordpress\/wp-content\/uploads\/2023\/12\/397245597_729965782507046_7499738642362843396_n.jpg\" alt=\"\" width=\"960\" height=\"720\" srcset=\"https:\/\/obp.cat\/wp-content\/uploads\/2023\/12\/397245597_729965782507046_7499738642362843396_n.jpg 960w, https:\/\/obp.cat\/wp-content\/uploads\/2023\/12\/397245597_729965782507046_7499738642362843396_n-300x225.jpg 300w, https:\/\/obp.cat\/wp-content\/uploads\/2023\/12\/397245597_729965782507046_7499738642362843396_n-768x576.jpg 768w, https:\/\/obp.cat\/wp-content\/uploads\/2023\/12\/397245597_729965782507046_7499738642362843396_n-400x300.jpg 400w\" sizes=\"auto, (max-width: 960px) 100vw, 960px\" \/><\/p>\n","protected":false},"excerpt":{"rendered":"<p>Cada mes d&#8217;octubre el sardanisme t\u00e9 una cita a Montserrat. Un diumenge la Muntanya Santa s&#8217;omple de dansaires vinguts d&#8217;arreu per ballar sardanes despr\u00e9s de la Missa conventual. Durant l&#8217;ofici, els grups i entitats que celebren aniversaris poden participar-hi llegint unes paraules de presentaci\u00f3 abans de comen\u00e7ar l&#8217;eucaristia. En acabar la ballada, al Cam\u00ed dels [&hellip;]<\/p>\n","protected":false},"author":1,"featured_media":84,"parent":0,"menu_order":0,"comment_status":"closed","ping_status":"closed","template":"","meta":{"footnotes":""},"class_list":["post-41","page","type-page","status-publish","has-post-thumbnail","hentry","post-preview"],"_links":{"self":[{"href":"https:\/\/obp.cat\/index.php\/wp-json\/wp\/v2\/pages\/41","targetHints":{"allow":["GET"]}}],"collection":[{"href":"https:\/\/obp.cat\/index.php\/wp-json\/wp\/v2\/pages"}],"about":[{"href":"https:\/\/obp.cat\/index.php\/wp-json\/wp\/v2\/types\/page"}],"author":[{"embeddable":true,"href":"https:\/\/obp.cat\/index.php\/wp-json\/wp\/v2\/users\/1"}],"replies":[{"embeddable":true,"href":"https:\/\/obp.cat\/index.php\/wp-json\/wp\/v2\/comments?post=41"}],"version-history":[{"count":3,"href":"https:\/\/obp.cat\/index.php\/wp-json\/wp\/v2\/pages\/41\/revisions"}],"predecessor-version":[{"id":85,"href":"https:\/\/obp.cat\/index.php\/wp-json\/wp\/v2\/pages\/41\/revisions\/85"}],"wp:featuredmedia":[{"embeddable":true,"href":"https:\/\/obp.cat\/index.php\/wp-json\/wp\/v2\/media\/84"}],"wp:attachment":[{"href":"https:\/\/obp.cat\/index.php\/wp-json\/wp\/v2\/media?parent=41"}],"curies":[{"name":"wp","href":"https:\/\/api.w.org\/{rel}","templated":true}]}}

<p>Cada mes d&#8217;octubre el sardanisme té una cita a Montserrat. Un diumenge la Muntanya Santa s&#8217;omple de dansaires vinguts d&#8217;arreu per ballar sardanes després de la Missa conventual. Durant l&#8217;ofici, els grups i entitats que celebren aniversaris poden participar-hi llegint unes paraules de presentació abans de començar l&#8217;eucaristia. En acabar la ballada, al Camí dels Degotalls, on hi ha el Mur de Pep Ventura, s&#8217;inauguren els claus votius de les entitats que volen perpetuar el seu escut a Montserrat.</p>
<p><img loading="lazy" decoding="async" class="alignnone wp-image-84 size-full" src="https://obp.cat/wordpress/wp-content/uploads/2023/12/397245597_729965782507046_7499738642362843396_n.jpg" alt="" width="960" height="720" srcset="https://obp.cat/wp-content/uploads/2023/12/397245597_729965782507046_7499738642362843396_n.jpg 960w, https://obp.cat/wp-content/uploads/2023/12/397245597_729965782507046_7499738642362843396_n-300x225.jpg 300w, https://obp.cat/wp-content/uploads/2023/12/397245597_729965782507046_7499738642362843396_n-768x576.jpg 768w, https://obp.cat/wp-content/uploads/2023/12/397245597_729965782507046_7499738642362843396_n-400x300.jpg 400w" sizes="auto, (max-width: 960px) 100vw, 960px" /></p>

<p>Cada mes d&#8217;octubre el sardanisme té una cita a Montserrat. Un diumenge la Muntanya Santa s&#8217;omple de dansaires vinguts d&#8217;arreu per ballar sardanes després de la Missa conventual. Durant l&#8217;ofici, els grups i entitats que celebren aniversaris poden participar-hi llegint unes paraules de presentació abans de començar l&#8217;eucaristia. En acabar la ballada, al Camí dels [&hellip;]</p>
